 - 6?
5
Evaluate (-3 - -9 - 11) + 13.
8
What is the value of -8 + (-2 - -3) + 7?
0
Calculate (-2 + -3 - (-2 - -1)) + 3.
-1
Calculate 1 + (2 + -4 - -1).
0
Calculate 4 + 2 + -1 + 3 + -5.
3
What is 8 - (-6 - (-8 + -3))?
3
(-7 - -3) + 4 - -1
1
Calculate -5 - (1 - (11 + (-1 - -1))).
5
What is -1 + -4 + 8 + 0?
3
What is (-8 - -1) + 64 + -54?
3
What is the value of -16 + (9 - 1) - -7?
-1
What is the value of -8 - (4 + 0 + -6)?
-6
Calculate -13 + -1 + 8 + (0 - 0).
-6
(-1 - (-4 - -2)) + -4
-3
Calculate (7 - 12) + 5 + 9.
9
Evaluate -2 + (0 - 0) + 5.
3
Evaluate -3 + (3 - (-4 + 3) - 1).
0
Evaluate (-14 - -7) + 2 - (-3 + -5).
3
Calculate (8 - 1) + -1 + -12 + 9.
3
Calculate -8 + 4 + 5 + -2.
-1
Evaluate (-1 - -2) + (3 - (2 - 3)).
5
What is the value of (17 - 10) + -5 + (6 - -2)?
10
What is 4 - 4 - -1 - -3?
4
0 - 1 - (-4 + 3)
0
Evaluate 3 + (-14 - -8) - (-3 - 0).
0
Calculate 1 + 2 - (-45 - -45).
3
Calculate -5 + (-1 - (4 - 1)) + 2.
-7
What is 7 - 3 - ((5 - -1) + -4)?
2
What is the value of -1 - -1 - (1 + -1 + -1)?
1
Calculate 2 - (2 + 3 - (5 - 3)).
-1
What is the value of 1 + -3 - -2 - 1?
-1
Evaluate (2 - (-4 + (-2 - -10))) + 1.
-1
0 - (3 - (6 + -8))
-5
2 + -11 + 3 + 5
-1
Calculate (0 - -2) + -1 - (-6 - -8).
-1
Calculate 3 + -2 + 4 + -8 + 3.
0
Calculate (2 - (-1 + -5)) + 10 + -15.
3
Evaluate 4 + (2 - -1) + -5 + 1.
3
What is 4 + -2 + (-1 - (3 - 1))?
-1
What is the value of -1 + (6 - -1) + -7?
-1
Calculate -8 + 2 + (-16 - -4 - -11).
-7
What is the value of 1 + -5 + (13 - 9) + -2?
-2
What is the value of -11 + (52 - 42) + -5 + 0?
-6
Calculate -6 + (4 - (-8 + 4 - -5)).
-3
(3 + -1 - 2) + -24 + 16
-8
(-10 + 5 - -6) + -1
0
-6 + 7 - -2 - 5
-2
Calculate -6 - -1 - (14 + -20).
1
What is 1 + -1 + 8 + -5?
3
Evaluate 0 + -3 - (3 + -1).
-5
Calculate -4 - (-4 - (1 + 1)).
2
Evaluate 4 + -27 + 5 + 9.
-9
What is (-3 - 5) + 4 + 1?
-3
Evaluate 6 - (5 - 5) - (-1 - -5).
2
What is 4 - (-6 + 1 - -11)?
-2
Evaluate 1 + (9 - (-2 - -12)).
0
Calculate 1 + 9 + (-129 - -124).
5
Calculate 5 + -12 + 6 + 0.
-1
((0 - 4) + 9 - 13) + 6
-2
What is (0 - -3 - 1) + 0 - -1?
3
What is 5 + (-6 - -4 - 2)?
1
Calculate (-3 - -2 - 4) + 7 - -3.
5
Evaluate -9 + 7 + (5 - -2).
5
What is the value of (-5 - -2) + 0 + 2?
-1
7 + -1 + -2 + -9
-5
Evaluate (-24 - -20) + (5 - 2).
-1
Evaluate (-4 - -7) + -4 + 1.
0
What is 12 - 26 - (-1 - 9)?
-4
Evaluate 1 + (10 + -7 - (3 - 0)).
1
What is 0 + (-5 - -9) + -5 - 1?
-2
What is (12 - (10 - 1)) + 0?
3
Evaluate -7 + 9 + -10 + 6.
-2
What is (-5 - -6) + (7 - 2) + 1?
7
Evaluate 18 + -16 + -9 - (2 + -6).
-3
-1 + 6 - (7 + 4 + -3)
-3
What is the value of -1 + (4 + -6 - (0 + 0))?
-3
What is the value of 8 + (12 - 0) + 48 + -57?
11
Evaluate 6 - (-6 - 3) - 5.
10
Evaluate -2 - (2 + (-6 - -7 - 1)).
-4
What is the value of -3 - -7 - (8 - 10)?
6
Calculate 1 + -2 + 5 + -6.
-2
Calculate -114 + 116 + 0 + 1.
3
1 - (-3 + (3 - -1)) - 2
-2
Evaluate -2 + 4 + (8 - 3).
7
Calculate -4 + -6 + 10 - (4 + 0).
-4
What is the value of -7 - -1 - (6 - 2 - 13)?
3
Calculate 9 + (17 - 8 - 16).
2
Calculate 10 - 1 - (-6 - -12).
3
Calculate -5 - 0 - (2 + -5) - -2.
0
-2 - (-4 + (-5 - (5 - 14)))
-2
Evaluate (-3 - (3 + 0)) + 2.
-4
-10 + -8 + (9 - 6) + 11
-4
Calculate -18 - (18 + -36) - (-1 - -8).
-7
2 + -1 - 6 - 0
-5
Calculate -2 + 9 + -9 + -3 + 0.
-5
What is the value of 2 + (0 - -1) + (-4 - -4)?
3
-10 + 0 + 3 + 4
-3
What is 4 + -13 - (2 + -6)?
-5
What is 0 - -1 - (2 - 2)?
1
What is 9 + -1 + 0 + -1 + 2?
9
Evaluate -5 - (4 - 3 - 2).
-4
What is the value of 3 - (9 + -4) - (0 - -1)?
-3
What is the value of 0 - 1 - (-6 - (6 + -12))?
-1
What is the value of (-3 - (3 + -3)) + (18 - 14)?
1
(0 - 11) + -11 + 18 - -5
1
(-6 - -7) + -9 - -14
6
What is the value of 16 + -9 + -8 + -2 + 0?
-3
What is the value of -6 + -3 + 2 + 3?
-4
Calculate -5 - (-4 + (6 - 12)).
5
Evaluate -3 + 4 + (-4 - 0) + 4.
1
Calculate (-2 + 3 - 1) + (1 - 0).
1
Evaluate (-2 - 0) + (-1 - -3) - -2.
2
Calculate 1 + -3 + 5 + -3.
0
Calculate (-9 - (2 - -5 - 5)) + 7.
-4
Calculate -1 + 14 + -3 - 12.
-2
What is the value of 6 - (8 + -6 + 2)?
2
Evaluate -5 + 1 + (2 - 0 - -2).
0
-1 + -1 + (18 - 10)
6
Calculate -2 - -1 - (2 - (1 + 3)).
1
What is the value of 0 - (0 - (1 + 1 + 1))?
3
-3 + (3 - 5) + 8
3
Evaluate 5 - (10 - 11 - -10).
-4
Evaluate 11 + 0 + 26 + -36.
1
Calculate -6 - -8 - (1 - (-1 - 1)).
-1
What is the value of (-6 - -5 - -2) + -5?
-4
What is the value of 0 + 7 + -1 + -4 - -3?
5
Evaluate (6 - 0) + (-2 - 1).
3
Evaluate 7 - 9 - (1 + -5 + 2).
0
Evaluate 4 - 3 - (-4 - -3).
2
Calculate (2 - (1 + 0) - 0) + 3.
4
-12 + 8 - -5 - 0
1
What is -12 - (-19 - (-15 - -14))?
6
(-5 - -4) + -8 + (-2 - -2)
-9
Calculate 0 - (-2 - 6) - 1.
7
5 + -5 + 5 + -5
0
Evaluate (1 - -1) + -5 - -3.
0
What is the value of -3 + (-10 - -4 - -5)?
-4
-11 + 27 + (-10 - 3)
3
What is the value of 6 + -6 - 4 - (-3 + -1)?
0
Evaluate (2 - 5) + (-26 - -27).
-2
What is the value of -6 - 1 - (8 + -17)?
2
-7 - (-11 + (-9 - -8))
5
What is 4 - ((-18 - -10) + 6)?
6
Calculate 4 + -2 + (-4 - 3).
-5
Calculate -4 + 1 + 1 - (3 - 0).
-5
Calculate -1 + -1 + 5 + -9.
-6
(2 - (4 - 4)) + (0 - -2)
4
What is the value of 10 - (1 - (0 + -4))?
5
What is the value of 5 - ((-2 - -1) + 10)?
-4
6 - (8 + -9 + 3)
4
Calculate -66 + 62 + 2 + 10.
8
Calculate 0 + 3 + (-3 - -5).
5
What is 4 - ((6 - 6) + (1 - -6))?
-3
What is the value of 10 + 5 + (7 - 15)?
7
Calculate (-3 - -5) + -4 + 14 + -10.
2
Calculate -1 + 4 + -25 + 22.
0
7 + (-1 - -4 - 8)
2
What is -1 + (-8 - -6) + (10 - 1)?
6
What is the value of 3 + (-1 - (-4 + 7))?
-1
What is the value of -3 - 0 - (11 - 28 - -7)?
7
Calculate -1 + 2 - (0 + -1).
2
What is the value of 4 + -1 + -4 + -2?
-3
Calculate -3 + 6 + (-4 - (9 - 6)).
-4
Calculate (-1 - 4) + (82 - 81).
-4
What is (-2 - -5) + 52 + -54?
1
What is the value of -9 + 8 + (7 - -5)?
11
0 - -3 - ((5 - 9) + 5)
2
Calculate -3 + 17 - (1 + 7).
6
2 + (-2 - -1) - (0 + 6)
-5
What is -2 + (-2 - -8) - 3?
1
What is the value of 4 + -17 - (-3 - 2) - -6?
-2
Evaluate (-4 + 5 - 4) + (1 - -4).
2
What is the value of 2 + 1 + (1 - 9)?
-5
What is the value of 9 + (2 - 8) + 2 - 7?
-2
Calculate -10 + (-2 - -15) + -4.
-1
What is 1 + 0 + 8 + -5?
4
What is the value of 18 - (10 - 1) - 8?
1
What is -6 - ((-5 - -12) + -4)?
-9
What is 22 + -26 + (1 - -1) + 2?
0
-3 + (3 - (4 - 3))
-1
What is -5 + 6 - (1 + 2) - 1?
-3
Evaluate -4 + 0 - -5 - 2.
-1
What is -51 + 44 + 1 + 1 + 1?
-4
Evaluate 4 + (-2 - 2) + -1.
-1
Evaluate -18 + 1 - (-15 - 13 - -21).
-10
2 - 2 - 4 - (-1 - 2)
-1
1 - (1 - (0 + -2))
-2
What is 2 + 4 + 1 + -3 + -5?
-1
What is the value of 10 + -2 + (-17 - -11) + 2?
4
Calculate (0 - (2 - 3)) + -4 + 5.
2
What is the value of 6 - (-4 - (-2 - (-4 + 8)))?
4
0 - -3 - (13 + -2)
-8
What is the value of 5 - (3 + 2 + 4 + 4)?
-8
What is the value of (-12 - -8) + 5 - -8?
9
Evaluate -3 - (-2 - 2) - -1 - 5.
-3
Evaluate -2 - (-5 - -7 - (-3 + 2)).
-5
Calculate (3 - 2 - 0) + -8 + 6.
-1
Evaluate 8 + -12 + 8 + -2.
2
Evaluate 2 + -4 + 0 + 1.
-1
(1 - 3 - 0) + 7
5
Calculate 4 + 3 - (7 - 5).
5
What is -1 + -3 + -2 + 4?
-2
What is 14 - 8 - (0 - (-1 + -9))?
-4
Evaluate -5 + 4 + -3 - (9 - 16).
3
What is the value of (-401 - -398) + (1 + 0 - 1)?
-3
-2 + -8 + 20 + -4
6
(8 - 6) + (3 + -2 - 0)
3
-10 + 3 - -8 - 6
-5
Evaluate -8 + (-11 - -13) + 4.
-2
Calculate -1 - -6 - (26 + -22).
1
What is 6 + (1 - (-7 - -12))?
2
Calculate (-7 - -8) + (4 - 2).
3
What is -5 + (0 - 2 - -7)?
0
9 + -12 + (1 - 0) + -3
-5
Evaluate (-4 - (2 + -3)) + (-7 - -8).
-2
What is the value of 3 + 1 + 17 + -24?
-3
What is -8 - -13 - ((-8 - -2) + 13)?
-2
Evaluate -6 - 3 - (-14 - -7).
-2
What is the value of (4 - -2) + (1 - 8) + -7?
-8
Calculate (-1 - 0 - 1) + -1.
-3
1 - ((-4 - 4) + 3)
6
Calculate 4 + -1 + 0 - 2.
1
What is 14 + -10 - (3 + 0 + 4)?
-3
Calculate -3 + 14 + -5 + -6.
0
Calculate 5 - (2 + 12 - (-1 - -5)).
-5
(1 - -4) + 0 + (-5 - -1)
1
What is the value of -4 + 3 + (-2 - -2 - 4)?
-5
What is -2 + 7 + (0 - (10 - 8))?
3
What is -2 + 1 + 2 + (99 - 108)?
-8
What is (0 - 1) + (6 - 5)?
0
Calculate -6 + (4 - 1 - 2) - 4.
-9
What is 4 - (6 + 4) - -3?
-3
What is the value of -2 + 0 - (2 - -4 - 8)?
0
What is (-6 - -3) + 28 + -35?
-10
What is the value of 10 + (-10 - -5) - 0?
5
What is the value of (-1 - -4) + -10 + 5 + 6?
4
Calculate 7 - 1 - (5 + (8 - 1)).
-6
Evaluate -17 + 8 + -2 + 11 + -3.
-3
Evaluate (1 - -6) +